 be the first derivative of 4*d**3/3 - d - 5. Give x(1).
3
Let t(d) = -618 + 7*d**3 - 3*d**2 + 4*d**2 + 619 - d. Give t(1).
8
Let t(g) = g**3 - 4*g**2 - 4*g - 4. Suppose 4 + 7 = -j. Let l be (1 - 0)/(j/(-55)). Give t(l).
1
Let z(p) = p + 4*p**2 + 3*p + 3 - 3*p**2 + p. Suppose 0 = 3*f - 4*j + 5, j + 20 - 4 = -5*f. Give z(f).
-3
Let s(w) = -w**3 - 4*w**2 + w + 1. Suppose 0*h = -4*h. Suppose d + 17 + h = -5*f, -5*f - 23 = -d. Calculate s(f).
-3
Suppose 0 = 2*a + 2*a - 12. Suppose 4*s - a = 3*s. Suppose 2*r = -s*r. Let z(c) = c**2 - c - 3. Calculate z(r).
-3
Let m(s) = -2*s**3 - 8*s**2 - 8*s - 4. Let x(z) = -z**3 - 4*z**2 - 4*z - 2. Let n(t) = -2*m(t) + 5*x(t). Give n(-3).
1
Suppose 0 = 5*k + 63 - 33. Let p(c) = -2*c + 2. What is p(k)?
14
Let x(z) = 4*z - 3. Let f be x(2). Let d(r) = -4 + 8 + r**2 - f. Give d(-1).
0
Let n(m) = 2*m + 1. Let r(w) = w**2 - 7*w + 5. Let a be r(7). Let o(z) = -z. Let k(q) = a*o(q) + 2*n(q). Give k(3).
-1
Suppose 0 = -3*m + 8 + 10. Let d(r) = r**2 - 4 - r - 4 - r**3 - m*r**2 + 1. Suppose -2*h - o - 25 = -4*o, h - 20 = -5*o. What is d(h)?
-2
Suppose 3*k + b + 17 = 0, -19 = k + 3*b - 0*b. Let w(c) = 6*c**2 + 3*c - 13 + 16 - 7. Let t(p) = 5*p**2 + 3*p - 4. Let n(s) = 5*t(s) - 4*w(s). Determine n(k).
0
Let d be (88/(-55))/((-1)/(-5)). Let w(z) = -z**2 - 7*z + 5. What is w(d)?
-3
Let b(s) = -202*s - s**2 + 202*s - 1. Determine b(-3).
-10
Let w = -16 - -11. Let h(b) = 3*b - 3. Let p be h(1). Let k(o) = -3 - 5*o**2 - 7*o - o**2 + p + 5*o**2. Give k(w).
7
Let t(i) be the first derivative of -1/3*i**3 - 1/2*i**2 + 0*i + 1/8*i**4 + 1/60*i**5 + 1. Let r(s) be the second derivative of t(s). Give r(-4).
2
Let m = 9 - 9. Let o = m - 0. Let c(h) = h**2 + 5. Calculate c(o).
5
Let r(b) = b**3 - 4*b**2 + 3*b. Suppose -l + 2*l = 3. Determine r(l).
0
Let w(u) = u**2 - 4 - 21*u + 15*u + 8*u. Determine w(3).
11
Let z(g) = g**3 + g + 3. Let r(c) = c + 1. Let y(o) = 3*r(o) - z(o). Give y(2).
-4
Let n(c) = 3*c + 1. Let g(k) be the first derivative of -k**2/2 - 6*k - 2. Let t be g(-5). Calculate n(t).
-2
Let d be (-1)/(-1)*-2 - -17. Let r be 10/d*18/(-4). Let c(u) = -u**2 + 1. Let w(t) = 2*t**2 - t - 4. Let q(g) = 3*c(g) + w(g). What is q(r)?
-7
Suppose -4*x = x. Let z(p) = -p**3 - p**2 + p - 4. Let t be z(x). Let u(r) = 2*r - 1 - 5 + 0 - 4*r. Calculate u(t).
2
Let n(a) = a**3 + a**2 + 2. Let z be n(0). Let m(g) = -3 - 647*g - 647*g + 1297*g. What is m(z)?
3
Let o(f) = 8*f**3 - 2*f - 1. Let g(a) = a**3 - 12*a**2 + a - 11. Let n be g(12). Let d be (-2 - -1)*n + 0. Calculate o(d).
-7
Let b be (-6)/3*(2 - 4). Suppose 12 = 4*j - b. Suppose -j*h + 6 = 2. Let u(w) = w + 1. Determine u(h).
2
Let i(m) = m**2 - m. Let l be 4/(-6)*(-24)/(-16). What is i(l)?
2
Let c(z) = -13*z**3 + 2*z - 1. Suppose -y + 7 = 4*r + 2, 4*r + 5*y = 9. Give c(r).
-12
Let b(x) = -1 + 1 - 6 + 2 + x. Calculate b(-7).
-11
Let d(u) = -14 + 4*u**2 + 15 + 2*u**2 - 3*u**2 + u**3. Determine d(-2).
5
Let l = -25 - -27. Let n(t) be the third derivative of -t**6/180 + t**5/40 + t**4/8 + 3*t**2. Let z(j) be the second derivative of n(j). Give z(l).
-5
Let i(n) = 5*n**3 - 26*n**2 - 4*n - 29. Let s(d) = -2*d**3 + 9*d**2 + d + 10. Let w(g) = 3*i(g) + 8*s(g). Give w(-6).
17
Let i(u) = -u**3 + 5*u**2 + 7*u - 4. Let l be i(6). Let d(g) = 2*g**3 - 3*g**2 + 2. Calculate d(l).
6
Let x be (-4)/(-14) - 9/7. Let o(q) be the first derivative of -2*q**3 + q + 3. Give o(x).
-5
Let j(c) = -c + 8. Suppose 0 = 4*t + 14 - 14. What is j(t)?
8
Let x(a) = 7*a**2 - 5*a - 4. Let d(p) = 16*p**2 - 12*p - 8. Let m(i) = 3*d(i) - 7*x(i). Let t(g) = g + 3. Let q be t(-3). What is m(q)?
4
Suppose 0 = -4*n + 16 - 8. Suppose 3*x - 2*z - 12 = z, 5*z + 18 = 4*x. Let w(g) = -g - 11*g**2 + g**3 + 8*g**x + 0*g**3. Determine w(n).
-6
Suppose -4*c = -25 + 5. Let o(i) = i**3 - 4*i**2 - 4*i - 3. Determine o(c).
2
Let b = -3 + 5. Suppose -2*n = 3*n - 3*w - 3, 0 = 2*n - w - b. Let j(u) = u**3 + 2*u**2 + 2 + 0*u - 3*u - 4*u**2. Calculate j(n).
2
Let n = -8 - -9. Let z(x) = 0*x - n - x + 0. Give z(-2).
1
Let u = -19 + 15. Let j(q) = q**2 - q. Let p(x) = -5*x**2 + 8*x - 2. Let l(o) = 6*j(o) + p(o). Give l(u).
6
Let z(t) = -t + 5*t + t**2 - 13*t + 11. Give z(8).
3
Let o(c) = -7*c**2 + 3*c - 4. Let u(n) = 7*n**2 - 2*n + 3. Let z(d) = 2*o(d) + 3*u(d). Give z(1).
8
Let s(u) = -7*u - 7. Let x(h) = -h. Let w(l) = 9*l + l**2 - 2 + 6*l**2 - 8*l**2. Let r be w(8). Let k(c) = r*x(c) - s(c). Calculate k(-4).
3
Suppose -3*d + 20 = 2*d. Let b(s) = -d - 4*s + 0 - s**2 - 2. Let v = -3 - 1. Calculate b(v).
-6
Let v(p) = -4*p - 13. Let j be v(-8). Suppose j - 7 = -4*m. Let b(g) = -g**2 - 2*g + 1. Determine b(m).
-2
Suppose -2*c + 8 = -2. Suppose 12 = 2*u - 5*t, -t + 3*t = c*u - 9. Let p(s) = -6*s + 0*s**3 + 4*s - s**2 - u + 2*s**3. Give p(-1).
-2
Let y(a) be the third derivative of 2*a**2 - 1/120*a**6 - 1/2*a**3 + 5/24*a**4 + 0*a + 0 + 1/15*a**5. Determine y(5).
-3
Let o(p) be the second derivative of p**4/6 - p**3/6 + 10*p. Calculate o(-2).
10
Let q(s) be the second derivative of -3*s + 0*s**2 - 1/20*s**5 + 0*s**3 + 0 + 0*s**4. Suppose -3*a = -4*a. Calculate q(a).
0
Let u(r) be the third derivative of r**4/24 + r**3/6 + r**2. Suppose 4*k - 15 - 1 = 0. Suppose 0 = k*j - 7*j - 9. Determine u(j).
-2
Let v be (5 - -1) + (-3 - -1). Let a(w) = -2 + v*w + 0 - 2. Give a(3).
8
Let z be 24/14 + (-2)/(-7). Let t(i) = 10*i**3 + 2*i**2 + 2*i + 11*i**3 - 22*i**3. What is t(z)?
4
Let n(h) = h**3 - 4*h**2 - 4*h + 1. Let w(q) = q**3 - 4*q**2 - 3*q. Let s(l) = 4*n(l) - 5*w(l). Calculate s(4).
0
Let t(f) = f**2 - 3*f - 2. Let a be ((-4)/6 - -1)*0. Suppose 0 = 3*o + 3*b - 6, a = -5*b - 0 - 5. Give t(o).
-2
Let c(b) = -b - 7. Let o be c(-7). Let m(n) = -9 + 3*n**2 + 888*n - 888*n - 2*n**2. Give m(o).
-9
Let r(b) be the third derivative of b**4/24 + 7*b**3/6 + 2*b**2. Let z be (159/7)/(-3) - (-24)/(-56). Calculate r(z).
-1
Let g(c) = c**2 - 5*c - 3. Let l(d) = -2*d - 9. Let m be l(-7). Suppose 9 + 11 = 4*v - m*z, -3*v + 15 = -2*z. Determine g(v).
-3
Let v(n) = -n**2 - n + 2. Let d be ((-4 - -4)*-1)/(-2). What is v(d)?
2
Let p = 12 + -6. Let t(z) be the third derivative of -z**4/24 + 3*z**3/2 - 10*z**2. Determine t(p).
3
Let p(n) = n + 6. Suppose 10 = -2*w, w = -d - 6 - 5. Give p(d).
0
Let v(b) = -9*b**2 + 8*b - 2. Let f(a) = -4*a**2 + 4*a - 1. Let u(n) = 13*f(n) - 6*v(n). Let r be -5 - 7/((-7)/2). What is u(r)?
5
Let p be -2*-6*1/4. Let v(a) = a**2 - 3*a - 4. Calculate v(p).
-4
Let c(i) = -i - 5. Let u(y) = -y + 4. Let j be u(2). Suppose j*k = -12 - 0. Determine c(k).
1
Let k(f) = -f**2 + 3*f + 1. Let d be k(3). Let l = -1 - d. Let p(r) = r. Determine p(l).
-2
Let m(w) be the first derivative of 0*w**2 + 1/3*w**3 + 5*w - 1. Calculate m(0).
5
Let u(q) be the third derivative of -q**6/120 - q**5/15 + q**4/8 - q**3 - 9*q**2. Determine u(-5).
4
Let g(u) = -2*u**3 - 2*u + 2*u - 5*u**3. Let v(d) = -d**2 - 6*d. Let l be v(-5). Suppose 2*f - 5*f - l*k = 12, 5*f + 5*k = -10. Give g(f).
-7
Let y(x) be the second derivative of x**3/6 + x**2/2 + 2*x. Let f = 3 - -1. Give y(f).
5
Let z(u) = 1 + 4*u**2 - 5*u**2 + u**3 + 3*u - 5*u. Let k = 29 - 31. What is z(k)?
-7
Let p(g) = -g + 4. Let l = 5 + -3. Let u(c) = -l*c - 4*c + 6 + 4*c. Let d(s) = -8*p(s) + 5*u(s). What is d(-3)?
4
Let s(i) = -i**3 + i. Let n(f) = -5*f**3 - 8*f**2 + 7*f + 3. Let y(h) = -n(h) + 6*s(h). Calculate y(8).
-11
Let g(y) be the third derivative of y**7/2520 - y**6/90 + 7*y**5/120 - 3*y**4/8 - 9*y**2. Let a(l) be the second derivative of g(l). Determine a(6).
-5
Let y be 9*(6/(-9) - -2). Suppose -4*q - y = -6*q. Let g(z) = z - 14. Give g(q).
-8
Let t(c) = -c**2 - 2*c - 1. Let u(x) = -3*x - 3. Suppose 8*j - 4*j + 8 = 0. Let b be u(j). Suppose -a = b*a - 4*r + 16, 0 = -5*a + 2*r - 11. What is t(a)?
0
Let f(s) = -1 + 2*s**2 + 0*s - 9*s + 2*s + 6*s. Determine f(2).
5
Let q = -185/6 - -31. Let s(x) be the second derivative of 3/2*x**2 - q*x**3 + x + 0. What is s(0)?
3
Let m be (3/3)/(-1)*0. Let f be 6/3 + (m - 0). Let d be 3*((1 - f) + 0). Let g(s) = -3*s - 1. Calculate g(d).
8
Let z(o) = o. Let d(q) be the second derivative of q**5/20 + 5*q**4/12 - q**3/3 - 2*q**2 - 2*q. Let p be d(-5). Give z(p).
6
Suppose -2*b - b + 3*r = 3, r - 3 = 2*b. Let q(y) = y + 2. What is q(b)?
0
Let l(r) = -3 - 7*r + 4 - 14*r**2 + 7*r**2 + 